
Let d(o) = -28*o - 11*o + 7*o. Let g be d(-1). Suppose -4*x + g = 3*r, 3*x - 2*r - 24 = r. List the prime factors of x.
2
Suppose -g + 6*g - 4*c - 709 = 0, -2*g + 5*c = -287. What are the prime factors of g?
3, 47
Let v = -10 + 8. What are the prime factors of (1/v)/(8/(-368))?
23
Let u(b) = 6*b**2 + 4 - 8*b**3 + 2*b + 13*b**3 - 4*b**3. What are the prime factors of u(-4)?
2, 7
Suppose -o + 345 = i, 6*o - 4*o - 1390 = -4*i. What are the prime factors of i?
2, 5, 7
Let a = -1 - -6. Suppose 15 = j - a*g + 3, 3*j - g - 8 = 0. What are the prime factors of (4/12)/(j/18)?
3
Let f(h) = 3*h - 4. What are the prime factors of f(15)?
41
Suppose -2*y + 414 = 7*y. What are the prime factors of y?
2, 23
Suppose 3*v - 3*n - 2 = n, 0 = v - 3*n + 1. Suppose -l + v = 3. List the prime factors of l*1*12/(-4).
3
Let r(x) = -x**3 - 7*x**2 - 4*x + 4. Let h be r(-6). List the prime factors of (-6)/h + 114/8.
3, 5
Let n(x) = -x**2 - 10*x - 7. Let f be n(-8). Suppose f = 2*g + 3. Suppose -o - d + 20 = 0, -g*o + 35 = 2*d - 4*d. What are the prime factors of o?
3, 5
Let g = 10 - 8. Suppose 0 = g*v - 2 - 2. Suppose -v*o - 2*l + 2 = 0, 0*l - 12 = 3*l. List the prime factors of o.
5
Let a(v) = 4*v**2 - 5*v - 12. What are the prime factors of a(7)?
149
Let b(v) = -v**3 - 6*v**2 - 5*v + 6. Let t be b(-7). Suppose 5*k - t = 2*k. What are the prime factors of k?
2, 3, 5
Suppose 392 = 36*c - 34*c. What are the prime factors of c?
2, 7
Let n(t) = 0*t**2 - t + 0*t**2 + 15*t**3 + 2*t**2. What are the prime factors of n(1)?
2
Suppose -z + 5 - 1 = 4*u, 4 = 5*u + z. Suppose u*p = q - p - 7, 5*q - 53 = -p. List the prime factors of q.
2, 5
List the prime factors of (-36)/(((-8)/18)/2).
2, 3
Let s(l) = -25*l. Let u be s(-1). Suppose 3*z = -20 - 4. Let k = z + u. List the prime factors of k.
17
Suppose 3*y + y + 3*m - 300 = 0, -2*y = 3*m - 150. List the prime factors of y.
3, 5
Let n(u) = 10*u**2 - u. Let v be (2 + -2)/(8/(-4)). Suppose -r - 2 + 3 = v. What are the prime factors of n(r)?
3
Suppose -4*x = -3*c - 2*x + 62, 2*c - 2*x = 38. What are the prime factors of c?
2, 3
Let g(s) = 11*s**2 - 2*s + 1. Suppose 3 = -0*d + 3*d. List the prime factors of g(d).
2, 5
Let v be 54/15 - (-4)/10. List the prime factors of (-80)/(-6)*6/v.
2, 5
Let j(i) = -i**3 + 5*i**2 + 9*i - 2. List the prime factors of j(6).
2
Let c be (3/2)/(3/20). Let k(j) = j**3 - 10*j**2 + 2*j + 4. List the prime factors of k(c).
2, 3
Let q = 386 + -247. What are the prime factors of q?
139
Let b = -3 + 6. List the prime factors of 10*(b + 10/(-4)).
5
Suppose 5*i - 25 = -5*t, -4*i + 3 = -3*t - 17. Suppose -2*m - 2*m + 16 = t. Suppose 0 = -2*h + m*h - 14. What are the prime factors of h?
7
Let g(k) = k**2 + 3*k + 3. Let b = 3 - -2. Let x = b - 10. What are the prime factors of g(x)?
13
Let p be (-18)/5*(-35)/(-7). List the prime factors of (-14)/(-63) + (-194)/p.
11
Suppose -1 = -l - 8. Let j(v) = -v**2 - 7*v + 7. What are the prime factors of j(l)?
7
Let d(c) = -c**3 + c**2 + c. Let q(o) = 7*o**3 - 9*o**2 - 2*o - 1. Let s(n) = 5*d(n) + q(n). What are the prime factors of s(2)?
5
Let p = 24 + -20. Suppose -p*x = -2*x - 42. List the prime factors of x.
3, 7
Suppose z - 31 = 3. What are the prime factors of z?
2, 17
Let h(z) be the second derivative of z**5/20 - z**4/6 + z**3/2 - 2*z**2 + 2*z. Suppose -u = 4*u + 15, -5*u = -2*b + 21. List the prime factors of h(b).
2, 7
List the prime factors of (219 + 1)/2 - -1.
3, 37
Let c(k) = -3*k**3 - 2*k**2 + 2*k. Let m be c(2). Let y = m + 57. Let n = -15 + y. What are the prime factors of n?
2, 7
Let g(u) = -2 + 3*u**2 - 2*u**2 + 10*u - 4*u. Let p be g(-6). Let r(j) = j**3 + 2*j**2 - 3*j - 2. What are the prime factors of r(p)?
2
Let g(c) = 5 + c**2 - 14 - 6*c + 7. What are the prime factors of g(-4)?
2, 19
Suppose -268 + 73 = -3*d. List the prime factors of d.
5, 13
Let f = -99 - -224. What are the prime factors of f?
5
Let f(p) = -2*p - 11. Let o be f(-8). Suppose l - o*h = 45, -4*l + 7*l = 2*h + 96. Suppose 2*j - l = -j. List the prime factors of j.
2, 5
Suppose -5*n + 524 = 74. What are the prime factors of n?
2, 3, 5
Suppose -3*s + 6*s - 24 = 0. Let n be (6/s)/((-4)/(-16)). Suppose -2*d = n*d - 25. What are the prime factors of d?
5
Let k(s) = s**2 - 7*s. Let t be k(5). Let i = -6 - t. List the prime factors of i.
2
Suppose 3*r = 4*n - 0*r - 15, 3*r = -3. Suppose -n*a + 80 - 11 = 0. List the prime factors of a.
23
List the prime factors of (-7)/14*(2 - 130).
2
Let v(t) = 2*t - 4. Let s be v(4). Suppose -s*f = 30 - 78. List the prime factors of f.
2, 3
Let g(k) = k**2 - 2*k + 3. Suppose 6 = -3*p - 0. Let l = 2 - p. What are the prime factors of g(l)?
11
Let t be 48/27 + (-4)/(-18). Suppose 3*o - 2*o = 2. Let f = o + t. What are the prime factors of f?
2
Suppose -4*d - 3*g + 223 = 0, 5*d + 2*g = 4*g + 250. List the prime factors of d.
2, 13
Let p be 5*3/(30/(-8)). Let i = 23 + -20. What are the prime factors of ((-6)/p)/(i/6)?
3
Let k(b) = 2*b - 3. Let a be k(5). Suppose -a - 9 = -4*s. Suppose -2 = x + 4*c - 16, 2*x + s*c = 24. List the prime factors of x.
2, 5
Suppose 3*k + k - 4 = 0. Let t(q) = 8*q**3 - q**2 + q. List the prime factors of t(k).
2
List the prime factors of 46/(4/6*3)*5.
5, 23
Suppose 2*v = 3*j - 3*v - 55, -3*j = v - 25. Let s = 4 - -1. Suppose 5*o + 4*i = i + 50, o = s*i + j. What are the prime factors of o?
2, 5
Let m(f) = 16*f**2 + 11*f + 35. Let h(l) = -3*l**2 - 2*l - 7. Let u(j) = -11*h(j) - 2*m(j). List the prime factors of u(-3).
2
Suppose c = -2*c + 6. Suppose -4*y - 16 = -2*g, -c*g = 3*g - y - 58. Suppose 0*b = -4*b + g. What are the prime factors of b?
3
Let f(v) = v**3 + 2*v**2 - 6*v + 6. List the prime factors of f(2).
2, 5
Let j(b) = 39*b + 4. What are the prime factors of j(2)?
2, 41
Let l(x) = x**2 + 6*x + 7. Suppose -w - 4 = 1. List the prime factors of l(w).
2
Let q(j) = j**3 - 13*j**2 + 15*j + 11. What are the prime factors of q(13)?
2, 103
Let z(y) = y**2 - 10*y + 10. Let b = 1 - -6. Let t be z(b). List the prime factors of (-68)/t + (-4)/22.
2, 3
Let d(j) = j**2 + 6*j. Let p be d(-6). Suppose -3*k - 2*g + 93 = p, -3*g = -2*k + g + 62. What are the prime factors of k?
31
Let n = 14 - 8. Suppose g - 2*f + 8 = 0, -2*g + 5*f - 27 = -n. What are the prime factors of g?
2
Let s(q) = 4*q. Let v be s(4). List the prime factors of v*(1 + (-3)/12).
2, 3
Suppose 15*c - 1985 = -800. List the prime factors of c.
79
Let z = 19 - -34. List the prime factors of z.
53
Let b(n) = n**2 + 10*n - 9. Let m be b(-11). Let d be m/(-2)*1 + 3. Let c = d - -4. What are the prime factors of c?
2, 3
Let i be -1 + 2 + 1 - 2. Suppose i = a - 5*a + 20. What are the prime factors of a?
5
Let o(a) = a + 86. List the prime factors of o(0).
2, 43
Let x = -24 - -48. Suppose -5*f = -f - x. List the prime factors of (-70)/(-15) + (-4)/f.
2
Let u(m) = m**3 + 6*m**2 - 8*m - 6. Let c be u(-7). Suppose -c = -4*l + 7. List the prime factors of l.
2
Suppose 11*w = 19*w - 2544. What are the prime factors of w?
2, 3, 53
Let k = 15 + -17. List the prime factors of k/(-2*4/32).
2
Suppose 1 = 2*z + 3, 3*d = 2*z + 218. List the prime factors of d/5 - 8/20.
2, 7
Let i(o) = -2*o - 5. What are the prime factors of i(-10)?
3, 5
Suppose 2*f = 6*f + 64. Let d = f + 27. List the prime factors of d.
11
Suppose 0 = 7*x - 5*x - 152. What are the prime factors of x?
2, 19
Suppose -2*l - g = -4*l + 771, -3*g + 775 = 2*l. List the prime factors of l.
2, 193
Let p be 2 - 3 - 0/3. Let g = 14 - p. List the prime factors of g.
3, 5
Suppose -3*j - 5*i + 2 = -2*j, -3*j + i + 54 = 0. Let b = j - 7. What are the prime factors of b?
2, 5
Let d = -142 - -202. Suppose 3*f - f + 2*a = 72, -5*a = 2*f - d. What are the prime factors of f?
2, 5
Suppose 7*f - 2*f - 630 = 0. List the prime factors of f.
2, 3, 7
Let f = 1 - 1. Suppose f = 3*q + 3, 0*t - 2*t = -q + 7. What are the prime factors of (t/6)/(2/(-15))?
5
Let s(n) = 2*n**2 + 3*n - 15. What are the prime factors of s(6)?
3, 5
Suppose -3*c + 0 + 6 = 0. Suppose c*x + 0*x + 3*y = 23, 3*x - y - 7 = 0. Suppose -x*j + 5*p + 33 = 0, -3*j + 33 = -4*p + 9. List the prime factors of j.
2, 3
Suppose l = 5*l. Suppose l = -h - 4*h + 15. What are the prime factors of h?
3
Let t = 384 + -264. What are the prime factors of t?
2, 3, 5
Let b = -54 - -119. Suppose -2*u + 7*u =